reatest common divisor of 1033068 and 213942?
1182
Calculate the highest common divisor of 10163147 and 2084.
521
Calculate the greatest common divisor of 277 and 2606.
1
Calculate the highest common divisor of 826801 and 2976.
31
Calculate the greatest common factor of 2071 and 1810708.
109
What is the greatest common factor of 2832 and 35899494?
354
Calculate the greatest common divisor of 2235 and 87612.
447
Calculate the greatest common divisor of 30768 and 710928.
48
Calculate the greatest common factor of 1008 and 1319080.
56
What is the greatest common factor of 36022 and 8656564?
434
What is the greatest common factor of 96 and 18612624?
48
What is the greatest common divisor of 2196 and 1454580?
36
What is the highest common divisor of 111993 and 777?
21
Calculate the greatest common factor of 21 and 23598673.
7
What is the highest common divisor of 2310 and 6448860?
330
What is the greatest common divisor of 177509138 and 272?
34
Calculate the highest common factor of 34239 and 468159.
339
Calculate the greatest common factor of 2392 and 10016408.
184
Calculate the greatest common factor of 85428152 and 674.
674
What is the greatest common divisor of 140266 and 414274?
3262
What is the greatest common factor of 342 and 2497392?
18
What is the highest common factor of 106290580 and 220?
220
Calculate the greatest common divisor of 347737 and 208177.
1163
What is the greatest common divisor of 3234 and 51783354?
42
What is the highest common factor of 1683285 and 12045?
15
Calculate the highest common factor of 799141294 and 1407.
469
What is the greatest common divisor of 137 and 3865075784?
137
What is the greatest common factor of 1866 and 10383046?
622
Calculate the highest common factor of 20273 and 6105374.
1067
Calculate the highest common divisor of 306000 and 441456.
816
Calculate the highest common factor of 296 and 489988.
4
Calculate the greatest common factor of 1331463 and 513.
57
What is the greatest common divisor of 1669888 and 160?
32
Calculate the greatest common divisor of 31375 and 4396265.
1255
Calculate the highest common divisor of 34345350 and 1950.
1950
What is the greatest common factor of 304353 and 448308?
63
What is the highest common divisor of 63000 and 21900600?
1800
What is the greatest common divisor of 153224 and 160928?
856
Calculate the highest common divisor of 5769 and 43269423.
1923
What is the highest common divisor of 3667873 and 484?
121
Calculate the highest common factor of 355641 and 429.
429
What is the highest common factor of 1075 and 3041476?
43
Calculate the greatest common factor of 930 and 121689210.
30
What is the highest common divisor of 743419 and 34829?
1201
What is the greatest common factor of 111537 and 20961?
153
Calculate the greatest common factor of 63648 and 9413937.
1989
Calculate the highest common factor of 4619407 and 117.
13
Calculate the highest common factor of 11470693 and 7462.
533
Calculate the highest common factor of 608565 and 1384605.
435
What is the greatest common divisor of 10479 and 195492731?
3493
What is the greatest common divisor of 260537347 and 106?
53
What is the highest common factor of 230629 and 1437751?
4907
What is the highest common divisor of 9960 and 1107950?
10
What is the highest common divisor of 474635 and 4970?
2485
What is the highest common factor of 598 and 194626?
46
Calculate the greatest common divisor of 16401566 and 11322.
34
What is the greatest common factor of 13514711 and 2274413?
5729
Calculate the highest common factor of 1962776 and 26714.
1406
Calculate the highest common factor of 100 and 12860790.
10
Calculate the highest common divisor of 27548 and 453572.
388
Calculate the greatest common divisor of 3224592 and 31248.
1008
What is the greatest common divisor of 359651 and 102391?
19
What is the greatest common divisor of 30108592 and 424?
8
What is the highest common factor of 50347 and 81233790?
2189
Calculate the highest common factor of 3261347 and 55459.
1789
Calculate the highest common factor of 53410144 and 224.
32
Calculate the highest common factor of 21491272 and 104.
8
What is the highest common divisor of 9728 and 214208?
64
Calculate the highest common factor of 27387176 and 3383.
199
Calculate the highest common factor of 2308112 and 592.
16
Calculate the greatest common factor of 216 and 32081292.
108
Calculate the highest common factor of 90 and 3564198.
18
What is the greatest common divisor of 114080 and 920390?
310
What is the highest common factor of 814178 and 1312?
82
What is the greatest common divisor of 26712 and 682542?
126
Calculate the highest common divisor of 114181 and 98291.
227
What is the highest common factor of 6656 and 5038800?
208
Calculate the greatest common divisor of 9462 and 30571.
19
Calculate the highest common divisor of 163260 and 66140.
20
What is the greatest common divisor of 1184722 and 207515?
3773
Calculate the highest common divisor of 30467988 and 174.
6
Calculate the highest common factor of 773326 and 2294.
62
What is the greatest common factor of 248508 and 9668?
4
What is the highest common divisor of 64079 and 3001149?
139
What is the greatest common divisor of 4728 and 16632316?
788
Calculate the highest common factor of 14424560 and 2800.
80
Calculate the greatest common factor of 47492417 and 196.
49
Calculate the greatest common factor of 100560437 and 10342.
5171
What is the greatest common factor of 737 and 6000118?
67
Calculate the highest common factor of 1729 and 142597.
91
What is the greatest common factor of 27845 and 1731959?
5569
What is the highest common divisor of 1298533 and 58?
29
What is the highest common factor of 32790 and 3487763?
1093
What is the highest common divisor of 66172 and 28471?
71
What is the greatest common divisor of 9444894 and 15810?
3162
Calculate the highest common factor of 1710 and 24961410.
90
Calculate the greatest common factor of 1941 and 28783089.
1941
What is the greatest common factor of 356 and 19047869?
89
What is the greatest common divisor of 6138083 and 45847?
361
What is the highest common divisor of 30933218 and 10?
2
What is the greatest common divisor of 15170 and 6275050?
410
What is the highest common factor of 1318835 and 1185065?
1715
Calculate the greatest common factor of 33116136 and 92.
92
What is the greatest common divisor of 47040 and 1160565?
735
Calculate the greatest common divisor of 15 and 926448.
3
Calculate the greatest common factor of 813112 and 43993.
1517
Calculate the highest common divisor of 1502064 and 6642.
162
Calculate the greatest common divisor of 531721564 and 44.
44
Calculate the greatest common factor of 75164540 and 40.
20
Calculate the greatest common divisor of 28180 and 40360.
20
Calculate the greatest common factor of 17 and 653749246.
17
Calculate the greatest common divisor of 7828554 and 93.
93
Calculate the highest common divisor of 261603936 and 7260.
1452
Calculate the greatest common factor of 189 and 44142273.
189
Calculate the greatest common divisor of 3306 and 96324.
6
What is the greatest common divisor of 18 and 906785037?
9
What is the greatest common factor of 62578 and 5834698?
934
Calculate the highest common factor of 12741671 and 8045.
1609
Calculate the greatest common factor of 598474 and 26746.
86
Calculate the highest common divisor of 66842 and 847838.
3518
Calculate the highest common factor of 20140 and 231806365.
5035
Calculate the greatest common factor of 127115460 and 2160.
540
Calculate the greatest common divisor of 2891 and 56373961.
49
Calculate the greatest common factor of 9560 and 170842936.
1912
Calculate the highest common factor of 451546 and 1054.
62
Calculate the highest common factor of 54662525 and 3800.
475
What is the greatest common factor of 392945 and 91?
7
Calculate the highest common factor of 1003 and 2835379.
17
What is the greatest common divisor of 1800 and 7524800?
200
Calculate the greatest common divisor of 5159537 and 69367.
977
Calculate the highest common factor of 3893 and 1198586.
229
What is the greatest common factor of 85330 and 1840230?
1610
What is the highest common factor of 40489632 and 69864?
984
What is the highest common factor of 562 and 1529483?
281
Calculate the greatest commo